{"id":68,"date":"2023-01-15T22:39:17","date_gmt":"2023-01-15T21:39:17","guid":{"rendered":"https:\/\/vinarstvifrydek.cz\/?page_id=68"},"modified":"2023-01-16T00:18:46","modified_gmt":"2023-01-15T23:18:46","slug":"ubytovani","status":"publish","type":"page","link":"https:\/\/vinarstvifrydek.cz\/?page_id=68","title":{"rendered":"Ubytov\u00e1n\u00ed"},"content":{"rendered":"\n<figure class=\"wp-block-image size-large\"><img loading=\"lazy\" decoding=\"async\" width=\"1024\" height=\"768\" src=\"https:\/\/vinarstvifrydek.cz\/wp-content\/uploads\/2023\/01\/terasa-1024x768.jpg\" alt=\"\" class=\"wp-image-107\" srcset=\"https:\/\/vinarstvifrydek.cz\/wp-content\/uploads\/2023\/01\/terasa-1024x768.jpg 1024w, https:\/\/vinarstvifrydek.cz\/wp-content\/uploads\/2023\/01\/terasa-300x225.jpg 300w, https:\/\/vinarstvifrydek.cz\/wp-content\/uploads\/2023\/01\/terasa-768x576.jpg 768w, https:\/\/vinarstvifrydek.cz\/wp-content\/uploads\/2023\/01\/terasa-1536x1152.jpg 1536w, https:\/\/vinarstvifrydek.cz\/wp-content\/uploads\/2023\/01\/terasa.jpg 2048w\" sizes=\"auto, (max-width: 1024px) 100vw, 1024px\" \/><\/figure>\n\n\n\n<p>V na\u0161em penzionu nab\u00edz\u00edme ubytov\u00e1n\u00ed ve t\u0159ech dvoul\u016f\u017ekov\u00fdch pokoj\u00edch s mo\u017enost\u00ed p\u0159ist\u00fdlky v ka\u017ed\u00e9m pokoji. Celkov\u011b tedy 9 l\u016f\u017eek. Sou\u010d\u00e1st\u00ed penzionu je tak\u00e9 spole\u010densk\u00e1 m\u00edstnost s krbem pro cca 20 osob.<\/p>\n\n\n\n<p>Samoz\u0159ejmost\u00ed je pln\u011b vybaven\u00e1 kuchyn\u011b.<\/p>\n\n\n\n<p>K dispozici je tak\u00e9 zast\u0159e\u0161en\u00e1 a \u010d\u00e1ste\u010dn\u011b uzav\u0159en\u00e1 terasa k pohodln\u00e9mu sezen\u00ed.<\/p>\n\n\n\n<p>D\u011bti, ale i dosp\u011bl\u00ed, ocen\u00ed uzav\u0159enou zahradu, na kter\u00e9 je p\u00edskovi\u0161t\u011b, prostor pro r\u016fzn\u00e9 hry a v neposledn\u00ed \u0159ad\u011b i gril.<\/p>\n\n\n\n<p><strong>T\u011b\u0161\u00edme se na Va\u0161i n\u00e1v\u0161t\u011bvu !<\/strong><\/p>\n","protected":false},"excerpt":{"rendered":"<p>V na\u0161em penzionu nab\u00edz\u00edme ubytov\u00e1n\u00ed ve t\u0159ech dvoul\u016f\u017ekov\u00fdch pokoj\u00edch s mo\u017enost\u00ed p\u0159ist\u00fdlky v ka\u017ed\u00e9m pokoji. Celkov\u011b tedy 9 l\u016f\u017eek. Sou\u010d\u00e1st\u00ed penzionu je tak\u00e9 spole\u010densk\u00e1 m\u00edstnost s krbem pro cca 20 osob. Samoz\u0159ejmost\u00ed je pln\u011b vybaven\u00e1 kuchyn\u011b. K dispozici je tak\u00e9 zast\u0159e\u0161en\u00e1 a \u010d\u00e1ste\u010dn\u011b uzav\u0159en\u00e1 terasa k pohodln\u00e9mu sezen\u00ed. D\u011bti, ale i dosp\u011bl\u00ed, ocen\u00ed uzav\u0159enou zahradu, [&hellip;]<\/p>\n","protected":false},"author":1,"featured_media":0,"parent":0,"menu_order":0,"comment_status":"closed","ping_status":"closed","template":"","meta":{"_coblocks_attr":"","_coblocks_dimensions":"","_coblocks_responsive_height":"","_coblocks_accordion_ie_support":"","hide_page_title":"","footnotes":""},"class_list":["post-68","page","type-page","status-publish","hentry"],"_links":{"self":[{"href":"https:\/\/vinarstvifrydek.cz\/index.php?rest_route=\/wp\/v2\/pages\/68","targetHints":{"allow":["GET"]}}],"collection":[{"href":"https:\/\/vinarstvifrydek.cz\/index.php?rest_route=\/wp\/v2\/pages"}],"about":[{"href":"https:\/\/vinarstvifrydek.cz\/index.php?rest_route=\/wp\/v2\/types\/page"}],"author":[{"embeddable":true,"href":"https:\/\/vinarstvifrydek.cz\/index.php?rest_route=\/wp\/v2\/users\/1"}],"replies":[{"embeddable":true,"href":"https:\/\/vinarstvifrydek.cz\/index.php?rest_route=%2Fwp%2Fv2%2Fcomments&post=68"}],"version-history":[{"count":2,"href":"https:\/\/vinarstvifrydek.cz\/index.php?rest_route=\/wp\/v2\/pages\/68\/revisions"}],"predecessor-version":[{"id":110,"href":"https:\/\/vinarstvifrydek.cz\/index.php?rest_route=\/wp\/v2\/pages\/68\/revisions\/110"}],"wp:attachment":[{"href":"https:\/\/vinarstvifrydek.cz\/index.php?rest_route=%2Fwp%2Fv2%2Fmedia&parent=68"}],"curies":[{"name":"wp","href":"https:\/\/api.w.org\/{rel}","templated":true}]}}